it of 129210755?
5
What is the hundred thousands digit of 492321839?
3
What is the hundreds digit of 92245999?
9
What is the ten millions digit of 176037833?
7
What is the ten thousands digit of 117042526?
4
What is the hundred millions digit of 1708425424?
7
What is the hundreds digit of 121357615?
6
What is the units digit of 129848740?
0
What is the ten millions digit of 39786490?
3
What is the tens digit of 131205714?
1
What is the hundred thousands digit of 33689591?
6
What is the hundred thousands digit of 159864742?
8
What is the hundred thousands digit of 10694427?
6
What is the ten millions digit of 26403548?
2
What is the millions digit of 60754963?
0
What is the ten millions digit of 503200158?
0
What is the hundred millions digit of 619326773?
6
What is the ten millions digit of 1558902159?
5
What is the ten thousands digit of 42661431?
6
What is the tens digit of 5634795178?
7
What is the ten thousands digit of 71662099?
6
What is the millions digit of 27854058?
7
What is the hundreds digit of 112169653?
6
What is the millions digit of 551838772?
1
What is the ten millions digit of 12875939?
1
What is the hundred millions digit of 2224116125?
2
What is the hundred thousands digit of 123139565?
1
What is the thousands digit of 1180091977?
1
What is the ten millions digit of 1151549983?
5
What is the tens digit of 54837850?
5
What is the tens digit of 916954250?
5
What is the ten millions digit of 57939787?
5
What is the ten thousands digit of 35763614?
6
What is the units digit of 50014171?
1
What is the millions digit of 677555650?
7
What is the hundred thousands digit of 50795509?
7
What is the units digit of 140349455?
5
What is the millions digit of 45637169?
5
What is the millions digit of 173946623?
3
What is the tens digit of 30604437?
3
What is the ten millions digit of 3662625243?
6
What is the hundred thousands digit of 10796943?
7
What is the thousands digit of 34057803?
7
What is the ten thousands digit of 49979284?
7
What is the thousands digit of 1714172725?
2
What is the ten thousands digit of 330694680?
9
What is the hundreds digit of 133693646?
6
What is the ten thousands digit of 237261153?
6
What is the ten millions digit of 2285974480?
8
What is the hundred thousands digit of 605226422?
2
What is the ten millions digit of 108123574?
0
What is the hundred millions digit of 2377517815?
3
What is the ten thousands digit of 3561514402?
1
What is the thousands digit of 37835648?
5
What is the ten thousands digit of 285611567?
1
What is the millions digit of 2600000947?
0
What is the millions digit of 37211477?
7
What is the ten millions digit of 61688408?
6
What is the thousands digit of 2488348922?
8
What is the ten millions digit of 175956318?
7
What is the tens digit of 2428650385?
8
What is the hundred millions digit of 315428072?
3
What is the hundred thousands digit of 2097380164?
3
What is the ten millions digit of 7523966013?
2
What is the tens digit of 84954746?
4
What is the tens digit of 124958328?
2
What is the thousands digit of 146289031?
9
What is the units digit of 1532174684?
4
What is the hundreds digit of 7605989?
9
What is the billions digit of 1712039644?
1
What is the tens digit of 783356445?
4
What is the hundred thousands digit of 6613515921?
5
What is the ten millions digit of 38643518?
3
What is the thousands digit of 5928529?
8
What is the thousands digit of 955562018?
2
What is the ten millions digit of 51416755?
5
What is the tens digit of 132846255?
5
What is the hundred thousands digit of 1130406876?
4
What is the ten thousands digit of 3017831?
1
What is the ten millions digit of 341104306?
4
What is the ten thousands digit of 220897648?
9
What is the tens digit of 77961668?
6
What is the hundred thousands digit of 189172780?
1
What is the thousands digit of 1446515274?
5
What is the ten millions digit of 19903933?
1
What is the hundreds digit of 2009823100?
1
What is the hundred thousands digit of 90337240?
3
What is the ten thousands digit of 2187908077?
0
What is the ten millions digit of 40040084?
4
What is the tens digit of 384950554?
5
What is the hundred thousands digit of 307314354?
3
What is the thousands digit of 58028885?
8
What is the hundred thousands digit of 4642959964?
9
What is the hundred thousands digit of 35111855?
1
What is the hundreds digit of 5844838879?
8
What is the units digit of 529584181?
1
What is the ten millions digit of 759785706?
5
What is the ten thousands digit of 58164856?
6
What is the hundred thousands digit of 3922624?
9
What is the thousands digit of 31085988?
5
What is the units digit of 1734090037?
7
What is the thousands digit of 5999521?
9
What is the thousands digit of 1850350006?
0
What is the hundreds digit of 18217228?
2
What is the ten millions digit of 6551821152?
5
What is the tens digit of 304064329?
2
What is the ten thousands digit of 494516095?
1
What is the ten millions digit of 55363778?
5
What is the ten millions digit of 618466752?
1
What is the tens digit of 274103379?
7
What is the units digit of 3897622432?
2
What is the hundreds digit of 46350573?
5
What is the ten thousands digit of 83288785?
8
What is the hundreds digit of 1517962115?
1
What is the hundred millions digit of 1241277844?
2
What is the units digit of 130748078?
8
What is the units digit of 53435941?
1
What is the tens digit of 5567536389?
8
What is the tens digit of 342017371?
7
What is the ten thousands digit of 95306108?
0
What is the ten millions digit of 920051113?
2
What is the ten thousands digit of 2058454295?
5
What is the hundred thousands digit of 29288596?
2
What is the ten millions digit of 238304804?
3
What is the ten millions digit of 433925945?
3
What is the hundreds digit of 1675051149?
1
What is the hundred thousands digit of 44578757?
5
What is the hundred millions digit of 341065796?
3
What is the hundreds digit of 70898846?
8
What is the millions digit of 366959115?
6
What is the ten millions digit of 38207494?
3
What is the hundred thousands digit of 620447734?
4
What is the ten millions digit of 732524330?
3
What is the thousands digit of 917473486?
3
What is the hundred thousands digit of 181040218?
0
What is the thousands digit of 87618163?
8
What is the hundred thousands digit of 98996610?
9
What is the millions digit of 3958955?
3
What is the hundreds digit of 292526733?
7
What is the units digit of 56633135?
5
What is the thousands digit of 49357440?
7
What is the ten millions digit of 79142134?
7
What is the millions digit of 44507615?
4
What is the hundreds digit of 80755599?
5
What is the tens digit of 88321224?
2
What is the hundred millions digit of 345216809?
3
What is the hundred thousands digit of 406829237?
8
What is the units digit of 1366000416?
6
What is the thousands digit of 368515221?
5
What is the tens digit of 725894707?
0
What is the billions digit of 1718848322?
1
What is the units digit of 75383889?
9
What is the hundreds digit of 42920315?
3
What is the thousands digit of 7108465?
8
What is the tens digit of 111217191?
9
What is the hundred millions digit of 174010233?
1
What is the units digit of 392445951?
1
What is the billions digit of 1311855637?
1
What is the thousands digit of 18549542?
9
What is the ten millions digit of 62839889?
6
What is the millions digit of 641901675?
1
What is the hundreds digit of 4541226282?
2
What is the thousands digit of 16636976?
6
What is the billions digit of 1416368763?
1
What is the hundred thousands digit of 25823804?
8
What is the ten thousands digit of 3778290678?
9
What is the ten millions digit of 619846371?
1
What is the hundred thousands digit of 211722927?
7
What is the hundred millions digit of 1630591087?
6
What is the hundred thousands digit of 118615714?
6
What is the hundreds digit of 362321515?
5
What is the ten thousands digit of 115078005?
7
What is the hundred millions digit of 165058618?
1
What is the millions digit of 878821519?
8
What is the millions digit of 502297679?
2
What is the ten millions digit of 34365021?
3
What is the ten millions digit of 3195024133?
9
What is the units digit of 262792038?
8
What is the hundred thousands digit of 49367366?
3
What is the ten millions digit of 1026708611?
2
What is the millions digit of 33619112?
3
Wha